-10*m + 279, 4*w + 1475 = 5*m. List the prime factors of m.
13, 23
Suppose -5*n - 9 = 1. Let i(l) be the second derivative of -l**5/20 - l**4/6 - l**3/6 + l**2/2 + 2*l. List the prime factors of i(n).
3
Suppose -6*z - 1390 = -3472. List the prime factors of z.
347
Suppose -6*z = 5*m - z - 170, -5*z = 0. List the prime factors of m.
2, 17
What are the prime factors of -2 - -3 - 88*-1?
89
What are the prime factors of (-921)/(-9) - (-3)/(-9)?
2, 3, 17
Let p = -41 + 71. Suppose 0 = -s + 2*m + p, -3*s + 2*s + 30 = 2*m. Let w = s + -21. List the prime factors of w.
3
Let u(v) = v + 6. Let o(t) = t**2 - 7*t + 7. Let d be o(5). What are the prime factors of u(d)?
3
Suppose 4*n - 4 = 284. Suppose -4*j - n = -6*j. List the prime factors of j.
2, 3
Let w = 22 - 16. Let t = 10 + -10. Suppose 2*y + t = w. List the prime factors of y.
3
Let o = -4 - -1. Let l be 0 + -2 + o + 7. Suppose 7 = 3*q - l*q. List the prime factors of q.
7
Let d(t) be the second derivative of t**5/20 - 5*t**4/12 - 2*t**3/3 - 7*t**2/2 - 4*t. Let u(m) = m**2 - 7*m + 6. Let z be u(7). List the prime factors of d(z).
5
Let b(z) = 11 + z**3 + 8*z + 0*z + 0*z**2 + z**2 - 10*z**2. What are the prime factors of b(8)?
11
Let l(w) = -w**2 - 27*w. What are the prime factors of l(-22)?
2, 5, 11
Let x(h) = -5*h + 73. What are the prime factors of x(-6)?
103
Let p(b) = 2*b - 3. Suppose 5*q + 5 = -0. Let f be 2 + (q - -3) - -2. List the prime factors of p(f).
3
Let q be 8/6 + 2/3. Suppose -q*z + 16 = 4. List the prime factors of -12*1/z*-2.
2
List the prime factors of (-87)/((-6)/8 - 0).
2, 29
Suppose -5*x = 20, 2*q = 2*x - 3*x + 6. Suppose 188 = q*w + 58. What are the prime factors of w?
2, 13
Suppose -4*w + 44 = 2*i + w, -108 = -3*i + 3*w. What are the prime factors of i?
2
Let o(b) = -b**3 - 6*b**2 + 8. Let a be (-88)/14 + 4/14. What are the prime factors of o(a)?
2
Suppose 0 = -5*m + 19 + 146. What are the prime factors of m?
3, 11
Let v be ((1 + -1)/(-1))/2. Let q = -18 + 33. Suppose 3*u = q - v. List the prime factors of u.
5
Suppose 0 = 3*z, -3*z = t + t + 8. Let u(a) = a - 19. Let w be u(5). Let o = t - w. List the prime factors of o.
2, 5
Let x be 4*4*(-3)/(-24). Suppose 0 = -3*u - 3*z + 83 + 19, -5*u + x*z = -156. What are the prime factors of u?
2
Suppose 344 = 4*v + 5*s, 4*v + s = 204 + 124. List the prime factors of v.
3
Suppose 5*t + 32 = t. Let g(f) = f**2 + 8*f + 12. List the prime factors of g(t).
2, 3
Suppose 0 = 2*t - 6*t - 12. Let m be t/(-6)*1*-6. What are the prime factors of (m*20/6)/(-1)?
2, 5
Let b(o) = -7*o**2 + o**3 - 6 - 1 + o + 8*o. Suppose 4*g + 2*z + z - 30 = 0, -g = -3*z. List the prime factors of b(g).
11
Suppose -2*l - 3*l - 70 = 0. Let c = 22 + l. What are the prime factors of c?
2
Let n(w) be the first derivative of 4*w**3 + w**2/2 + 3. List the prime factors of n(-1).
11
Suppose 4*b - 1564 = 3*o, 4*o = 2*b + 2*o - 784. What are the prime factors of b?
2, 97
Suppose 0 = -11*u + 10*u + 64. List the prime factors of u.
2
Suppose 5*r + 133 = 3*s - 0*r, r = -5*s + 259. What are the prime factors of s?
3, 17
Suppose -71 - 27 = -2*q. What are the prime factors of q?
7
Suppose -r = -5*r - 172. Let l = -14 - r. List the prime factors of l.
29
Suppose 0 = -4*k - h - 6, -8 = 2*k + h + 2*h. Let x = k - -8. Suppose -x*f + 3*f = -20. What are the prime factors of f?
5
Let z(c) = c**3 - 7. Let f be z(0). Let x(a) = -2*a - 3. List the prime factors of x(f).
11
Let h(o) = -4*o - 13. Let a(j) = j**3 + 5*j**2 - 4*j + 1. Let g be a(-6). List the prime factors of h(g).
31
Let a(l) = 2*l - 2. Let q be a(5). Suppose 2*n - 4*c = q, -5*n - 4*c + c = -7. Suppose n*u - 5*r - 3 = 0, -2*r = 2*u - 3*r - 7. List the prime factors of u.
2
Suppose -124 = d - 5*d. What are the prime factors of d?
31
Suppose 5*d + 4*i = -0*i + 31, 0 = -4*d + 5*i + 33. List the prime factors of (-61)/(-7) - (-2)/d.
3
Let c(i) = -i**3 + 17*i**2 + 21*i - 14. What are the prime factors of c(18)?
2, 5
Let x = -47 + 67. Suppose 6*c - x = 3*c + 5*i, 3*c = -3*i - 12. List the prime factors of c*3/(-9) - -11.
11
List the prime factors of -117*(1 - (-8)/(-6)).
3, 13
Let f = 34 + -18. What are the prime factors of f?
2
Let b be 2/6 + 4/(-12). Let p = -2 - b. List the prime factors of p + 13/1 - 1.
2, 5
Let l(t) = 10*t - 15. List the prime factors of l(7).
5, 11
Let r(f) = 11*f**2 + 7*f - 1. What are the prime factors of r(-3)?
7, 11
Suppose 5*n = -i - 0*n + 161, 5*i - n - 831 = 0. List the prime factors of (-2)/9 - i/(-18).
3
Let u(s) = 46*s**2 - 3*s - 2. List the prime factors of u(-3).
421
Let u = -40 + 186. List the prime factors of u.
2, 73
Let b(y) = -2*y**3 - 27*y**2 + 13*y + 9. Let o(l) = l**3 + 14*l**2 - 7*l - 4. Let p(m) = 6*b(m) + 11*o(m). Let h be p(-8). List the prime factors of h*2/4*6.
2, 3
Suppose -2*l - 11 = -45. What are the prime factors of l?
17
Let a(z) = -8*z - 1. Let f be ((-4)/(-2))/(4/(-6)). Let y = f - -2. List the prime factors of a(y).
7
Let z(h) = 2*h**3 - 3*h**2 - 5*h + 3. Suppose 0 = -5*p + 5*o + 20, 5*p - 5*o + 4*o = 16. What are the prime factors of z(p)?
3, 5
Suppose -5*w + 3*u = -766, 4*w + 5*u = -0*w + 598. What are the prime factors of w?
2, 19
What are the prime factors of 5/(10/(-6)) + 31?
2, 7
Suppose 0 = 2*w + 4*x - 4, 13 + 4 = 5*w + 3*x. Suppose w = -5*m + 4*m. List the prime factors of 1/m - 82/(-8).
2, 5
Suppose -15*r + 1754 = -1816. List the prime factors of r.
2, 7, 17
Suppose 0 = 2*l - 6*l + 52. Suppose 8 = -0*u - u. Let a = u + l. List the prime factors of a.
5
Suppose 13*j = 15*j - 56. Suppose -5*v - j = -83. List the prime factors of v.
11
Let w(h) = h**3 + 6*h**2 - 24*h + 18. List the prime factors of w(-8).
2, 41
Let d(x) = -10*x. What are the prime factors of d(-3)?
2, 3, 5
Let z = -12 - -12. Let m = 2 + z. List the prime factors of m.
2
Suppose 0*s - 5*t + 13 = -s, -2*s = 4*t - 30. Let c(r) = 2*r**2 - 9*r + 10. What are the prime factors of c(s)?
3, 5
Let f(a) = a + 1. Let h be f(-1). Suppose h = z - 4 - 0. List the prime factors of z.
2
Suppose 7*u - 50 = 2*u. List the prime factors of u.
2, 5
Let r = 7 + 18. Suppose -3*o = o - 2*k - 20, 5*o - r = k. What are the prime factors of o?
5
Suppose 0 = -3*s - 2*s + 15. Suppose 2*u + 6 = s*u. What are the prime factors of u?
2, 3
Suppose 0*t - 2*t = 4*g - 122, -g = -3*t + 218. List the prime factors of t.
71
Suppose -5*v + 18 - 3 = 0. What are the prime factors of (v/3)/((-4)/(-84))?
3, 7
Suppose -2 + 6 = -d. List the prime factors of (3 + d)/((-1)/23).
23
Suppose -3*o - 4*q + 19 = -1, 3*q = 5*o - 72. Suppose 0 = -5*n + 6*n - o. List the prime factors of n.
2, 3
Let y be (3/12)/(1/4). List the prime factors of (y*-38)/(-2) + 0.
19
Suppose 0 = -5*z - n + 19, 4*z - n - 8 = -0*z. Suppose -4*i + 5*g = -6*i + 9, -z*i + 5*g = -1. What are the prime factors of 21 - -3*(-3 + i)?
2, 3
Let q(j) = -j**2 + 6*j + 2. Let a be q(4). Suppose -2*n - 3*z = -3 - 1, a = 5*n + 5*z. List the prime factors of n.
2
Let m(w) be the third derivative of -w**5/60 + 7*w**4/24 - w**3/2 - w**2. Suppose z - 12 = -2*z. List the prime factors of m(z).
3
Let c be 1 + 0 - (-2 + -3). Suppose 2*x = c*x - 12. List the prime factors of x.
3
Let h(y) = 2*y**2 + 5*y - 3. Let x(q) = 7*q**2 + 14*q - 8. Let j(s) = -8*h(s) + 3*x(s). Let p be j(-2). Let u = p + -6. List the prime factors of u.
2, 5
Suppose -7*w + 667 = 72. What are the prime factors of w?
5, 17
Let v(i) be the second derivative of 5*i**3/6 + i. Let a be ((-2)/5)/((-4)/20). What are the prime factors of v(a)?
2, 5
Suppose -f = 1 - 3. Suppose 4*t - 32 = 2*w, -3*t + 24 = f*w + w. What are the prime factors of t?
2
Let q(w) be the second derivative of w**4/12 - 2*w**3/3 + 5*w**2/2 - 2*w. Suppose 0*d + 4*d = 20. List the prime factors of q(d).
2, 5
Let y be 12/9*6/4. Let r(l) = -l**3 + 3*l**2 + 5*l - 6. Let h be r(4). List the prime factors of h + y + 9 + -3.
2, 3
Suppose -3*f = 15, 5*o + 0*f - f = -260. Let j = -38 - o. List the prime factors of j.
3, 5
Let f(q) be the first derivative of -q**2/2 + 15*q + 1. Let d(w) = -w**3 - 2*w**2 - w - 2. Let h be d(-2). What are the prime factors of f(h)?
3, 5
Suppose 95 - 10 = 2*s - p, p + 1 = 0. What are the prime factors of s?
2, 3, 7
Suppose m = 5*m - 8. Suppose 0 = -3*t + 5*h + 6, 2*t = -2*h + 2 + m. What are the prime factors of t?
2
Let j(t) = t**2 - t - 5. W